{"id":307,"date":"2020-10-14T10:17:18","date_gmt":"2020-10-14T08:17:18","guid":{"rendered":"http:\/\/www.ryadsalama.com\/?page_id=307"},"modified":"2020-10-22T23:56:31","modified_gmt":"2020-10-22T21:56:31","slug":"servicios","status":"publish","type":"page","link":"http:\/\/www.ryadsalama.com\/?page_id=307&lang=es","title":{"rendered":"Servicios .."},"content":{"rendered":"<p>[vc_row][vc_column][vc_row_inner][vc_column_inner width=\u00a0\u00bb1\/3&Prime;][vc_images_carousel images=\u00a0\u00bb247,248&Prime; img_size=\u00a0\u00bbmedium\u00a0\u00bb onclick=\u00a0\u00bblink_no\u00a0\u00bb speed=\u00a0\u00bb3000&Prime; autoplay=\u00a0\u00bbyes\u00a0\u00bb hide_pagination_control=\u00a0\u00bbyes\u00a0\u00bb hide_prev_next_buttons=\u00a0\u00bbyes\u00a0\u00bb wrap=\u00a0\u00bbyes\u00a0\u00bb][\/vc_column_inner][vc_column_inner width=\u00a0\u00bb1\/3&Prime;][vc_column_text]<\/p>\n<h3><strong>Hammam tradicional y masaje en Ryad Salama<\/strong><\/h3>\n<ul>\n<li><strong>Hammam con exfoliante tradicional de jab\u00f3n negro<\/strong><\/li>\n<\/ul>\n<p>Para 2 personas m\u00ednimo  45 minutos: 500 Dhs para 2 personas<\/p>\n<ul>\n<li><strong>Masaje relajante con aceites esenciales<\/strong><\/li>\n<\/ul>\n<p>45 minutos: 350 Dhs por persona<\/p>\n<p>Reservas con el personal de Ryad Salama.<\/p>\n<p>[\/vc_column_text][\/vc_column_inner][vc_column_inner width=\u00a0\u00bb1\/3&Prime;][vc_single_image image=\u00a0\u00bb244&Prime; img_size=\u00a0\u00bb200&#215;150&Prime;][vc_single_image image=\u00a0\u00bb580&Prime; img_size=\u00a0\u00bb200&#215;150&Prime;][\/vc_column_inner][\/vc_row_inner][vc_separator][vc_row_inner][vc_column_inner width=\u00a0\u00bb1\/4&Prime;][vc_single_image image=\u00a0\u00bb249&Prime; img_size=\u00a0\u00bbmedium\u00a0\u00bb][\/vc_column_inner][vc_column_inner width=\u00a0\u00bb3\/4&Prime;][vc_column_text]<strong>Balneario de Moulay Yacoub<\/strong><\/p>\n<p>A 15 km de Fes, este centro es una estaci\u00f3n termal, con fuente de agua caliente (58\u00b0) naturalmente azufrado.<br \/>\nLes proponen varios paquetes de tratamientos, bienestar y belleza:<br \/>\n&#8211; Ba\u00f1o de agua azufrada<br \/>\n&#8211; Duchas, masajes, tratamientos de cuerpo<\/p>\n<p>Ryad Salama les recomienda un paquete entre piscina y masajes, con transferencia de ida y vuelta en taxi. Para mas informaci\u00f3n consulte con nosotros.<\/p>\n<p>[\/vc_column_text][\/vc_column_inner][\/vc_row_inner][vc_row_inner][vc_column_inner width=\u00a0\u00bb2\/3&Prime;][vc_column_text]<strong>Golf Royal de F\u00e8s<\/strong><\/p>\n<p>A 20 km del centro de la ciudad, el Golf Royal de Fes se sit\u00faa en el coraz\u00f3n de un olivar al pie de los primeros estribaciones del Atlas. Situado a 700 metros de altitud, admirablemente dise\u00f1ado por el arquitecto celebre Cabell Robinson, este campo de 18 hoyos sobre 70 hect\u00e1reas le har\u00e1 muy felices a los amantes de Golf.<\/p>\n<p>[\/vc_column_text][\/vc_column_inner][vc_column_inner width=\u00a0\u00bb1\/3&Prime;][vc_single_image image=\u00a0\u00bb250&Prime; img_size=\u00a0\u00bbfull\u00a0\u00bb][\/vc_column_inner][\/vc_row_inner][vc_row_inner][vc_column_inner][vc_column_text]<strong>Excursiones <\/strong><\/p>\n<p><strong>\u00a0<\/strong>Salir del Ryad en taxi privado con conductor hacia el pueblo de Ifrane y sus bosques de cedro. Descubre los lagos y los monos silvestres, o los pueblos perif\u00e9ricos de S\u00e9frou o Bhalil. Optar por una excursi\u00f3n a Mequinez y descubre las ruinas romanas de Volubilis, el pueblo de Moulay Idriss y otras maravillas&#8230;<\/p>\n<p>[\/vc_column_text][\/vc_column_inner][\/vc_row_inner][\/vc_column][\/vc_row]<\/p>\n","protected":false},"excerpt":{"rendered":"<p>[vc_row][vc_column][vc_row_inner][vc_column_inner width=\u00a0\u00bb1\/3&Prime;][vc_images_carousel images=\u00a0\u00bb247,248&Prime; img_size=\u00a0\u00bbmedium\u00a0\u00bb onclick=\u00a0\u00bblink_no\u00a0\u00bb speed=\u00a0\u00bb3000&Prime; autoplay=\u00a0\u00bbyes\u00a0\u00bb hide_pagination_control=\u00a0\u00bbyes\u00a0\u00bb hide_prev_next_buttons=\u00a0\u00bbyes\u00a0\u00bb wrap=\u00a0\u00bbyes\u00a0\u00bb][\/vc_column_inner][vc_column_inner width=\u00a0\u00bb1\/3&Prime;][vc_column_text] Hammam tradicional y masaje en Ryad Salama Hammam con exfoliante tradicional de jab\u00f3n negro Para 2 personas m\u00ednimo 45 minutos: 500 Dhs para 2 personas Masaje relajante con aceites&#8230;<\/p>\n","protected":false},"author":1,"featured_media":0,"parent":0,"menu_order":0,"comment_status":"closed","ping_status":"closed","template":"","meta":[],"_links":{"self":[{"href":"http:\/\/www.ryadsalama.com\/index.php?rest_route=\/wp\/v2\/pages\/307"}],"collection":[{"href":"http:\/\/www.ryadsalama.com\/index.php?rest_route=\/wp\/v2\/pages"}],"about":[{"href":"http:\/\/www.ryadsalama.com\/index.php?rest_route=\/wp\/v2\/types\/page"}],"author":[{"embeddable":true,"href":"http:\/\/www.ryadsalama.com\/index.php?rest_route=\/wp\/v2\/users\/1"}],"replies":[{"embeddable":true,"href":"http:\/\/www.ryadsalama.com\/index.php?rest_route=%2Fwp%2Fv2%2Fcomments&post=307"}],"version-history":[{"count":4,"href":"http:\/\/www.ryadsalama.com\/index.php?rest_route=\/wp\/v2\/pages\/307\/revisions"}],"predecessor-version":[{"id":592,"href":"http:\/\/www.ryadsalama.com\/index.php?rest_route=\/wp\/v2\/pages\/307\/revisions\/592"}],"wp:attachment":[{"href":"http:\/\/www.ryadsalama.com\/index.php?rest_route=%2Fwp%2Fv2%2Fmedia&parent=307"}],"curies":[{"name":"wp","href":"https:\/\/api.w.org\/{rel}","templated":true}]}}