{"id":3,"date":"2020-10-12T12:14:15","date_gmt":"2020-10-12T10:14:15","guid":{"rendered":"http:\/\/www.ryadsalama.com\/?page_id=3"},"modified":"2025-04-14T23:41:14","modified_gmt":"2025-04-14T21:41:14","slug":"presentation","status":"publish","type":"page","link":"http:\/\/www.ryadsalama.com\/","title":{"rendered":"Pr\u00e9sentation"},"content":{"rendered":"<p>[vc_row css=\u00a0\u00bb.vc_custom_1603015255560{margin-top: 1px !important;margin-right: 1px !important;margin-bottom: 1px !important;margin-left: 1px !important;padding-top: 1px !important;padding-right: 1px !important;padding-bottom: 1px !important;padding-left: 1px !important;}\u00a0\u00bb][vc_column css=\u00a0\u00bb.vc_custom_1603015175017{margin: 1px !important;padding: 1px !important;border: 0px initial !important;}\u00a0\u00bb]\n\t\t\t<!-- START accueil REVOLUTION SLIDER 6.2.23 --><p class=\"rs-p-wp-fix\"><\/p>\n\t\t\t<rs-module-wrap id=\"rev_slider_3_1_wrapper\" data-source=\"gallery\" style=\"background:transparent;padding:0;margin:0px auto;margin-top:0;margin-bottom:0;\">\n\t\t\t\t<rs-module id=\"rev_slider_3_1\" style=\"\" data-version=\"6.2.23\">\n\t\t\t\t\t<rs-slides>\n\t\t\t\t\t\t<rs-slide data-key=\"rs-4\" data-title=\"Slide\" data-anim=\"ei:d;eo:d;s:400ms;r:0;t:fade;sl:0;\" data-sloop=\"s:0;e:9940;\">\n\t\t\t\t\t\t\t<img src=\"\/\/www.ryadsalama.com\/wp-content\/plugins\/revslider\/public\/assets\/assets\/transparent.png\" alt=\"Slide\" title=\"Pr\u00e9sentation\" class=\"rev-slidebg\" data-no-retina>\n<!--\n\t\t\t\t\t\t\t--><rs-layer\n\t\t\t\t\t\t\t\tid=\"slider-3-slide-4-layer-6\" \n\t\t\t\t\t\t\t\tdata-type=\"image\"\n\t\t\t\t\t\t\t\tdata-rsp_ch=\"on\"\n\t\t\t\t\t\t\t\tdata-xy=\"yo:-3px,-2px,-1px,0;\"\n\t\t\t\t\t\t\t\tdata-text=\"w:normal;s:20,16,12,7;l:0,20,15,9;\"\n\t\t\t\t\t\t\t\tdata-dim=\"w:1240px,1024px,778px,480px;h:120px,99px,75px,46px;\"\n\t\t\t\t\t\t\t\tdata-frame_1=\"sp:1200;\"\n\t\t\t\t\t\t\t\tdata-frame_999=\"o:0;st:w;sp:400;sR:9800;\"\n\t\t\t\t\t\t\t\tstyle=\"z-index:8;\"\n\t\t\t\t\t\t\t><img src=\"\/\/www.ryadsalama.com\/wp-content\/uploads\/slider1.jpg\" width=\"1240\" height=\"120\" data-no-retina> \n\t\t\t\t\t\t\t<\/rs-layer><!--\n\n\t\t\t\t\t\t\t--><rs-layer\n\t\t\t\t\t\t\t\tid=\"slider-3-slide-4-layer-9\" \n\t\t\t\t\t\t\t\tdata-type=\"image\"\n\t\t\t\t\t\t\t\tdata-rsp_ch=\"on\"\n\t\t\t\t\t\t\t\tdata-text=\"w:normal;s:20,16,12,7;l:0,20,15,9;\"\n\t\t\t\t\t\t\t\tdata-dim=\"w:1240px,1024px,778px,480px;h:120px,99px,75px,46px;\"\n\t\t\t\t\t\t\t\tdata-frame_1=\"st:1090;sp:1200;sR:1090;\"\n\t\t\t\t\t\t\t\tdata-frame_999=\"o:0;st:w;sp:390;sR:8710;\"\n\t\t\t\t\t\t\t\tstyle=\"z-index:9;\"\n\t\t\t\t\t\t\t><img src=\"\/\/www.ryadsalama.com\/wp-content\/uploads\/slider2.jpg\" width=\"1240\" height=\"120\" data-no-retina> \n\t\t\t\t\t\t\t<\/rs-layer><!--\n\n\t\t\t\t\t\t\t--><rs-layer\n\t\t\t\t\t\t\t\tid=\"slider-3-slide-4-layer-10\" \n\t\t\t\t\t\t\t\tdata-type=\"image\"\n\t\t\t\t\t\t\t\tdata-rsp_ch=\"on\"\n\t\t\t\t\t\t\t\tdata-text=\"w:normal;s:20,16,12,7;l:0,20,15,9;\"\n\t\t\t\t\t\t\t\tdata-dim=\"w:1240px,1024px,778px,480px;h:120px,99px,75px,46px;\"\n\t\t\t\t\t\t\t\tdata-frame_1=\"st:2180;sp:1200;sR:2180;\"\n\t\t\t\t\t\t\t\tdata-frame_999=\"o:0;st:w;sp:400;sR:7620;\"\n\t\t\t\t\t\t\t\tstyle=\"z-index:10;\"\n\t\t\t\t\t\t\t><img src=\"\/\/www.ryadsalama.com\/wp-content\/uploads\/slider3.jpg\" width=\"1240\" height=\"120\" data-no-retina> \n\t\t\t\t\t\t\t<\/rs-layer><!--\n\n\t\t\t\t\t\t\t--><rs-layer\n\t\t\t\t\t\t\t\tid=\"slider-3-slide-4-layer-12\" \n\t\t\t\t\t\t\t\tdata-type=\"image\"\n\t\t\t\t\t\t\t\tdata-rsp_ch=\"on\"\n\t\t\t\t\t\t\t\tdata-text=\"w:normal;s:20,16,12,7;l:0,20,15,9;\"\n\t\t\t\t\t\t\t\tdata-dim=\"w:1240px,1024px,778px,480px;h:120px,99px,75px,46px;\"\n\t\t\t\t\t\t\t\tdata-frame_1=\"st:4380;sp:1200;sR:4380;\"\n\t\t\t\t\t\t\t\tdata-frame_999=\"o:0;st:w;sp:400;sR:5420;\"\n\t\t\t\t\t\t\t\tstyle=\"z-index:12;\"\n\t\t\t\t\t\t\t><img src=\"\/\/www.ryadsalama.com\/wp-content\/uploads\/slider5.jpg\" width=\"1240\" height=\"120\" data-no-retina> \n\t\t\t\t\t\t\t<\/rs-layer><!--\n\n\t\t\t\t\t\t\t--><rs-layer\n\t\t\t\t\t\t\t\tid=\"slider-3-slide-4-layer-13\" \n\t\t\t\t\t\t\t\tdata-type=\"image\"\n\t\t\t\t\t\t\t\tdata-rsp_ch=\"on\"\n\t\t\t\t\t\t\t\tdata-text=\"w:normal;s:20,16,12,7;l:0,20,15,9;\"\n\t\t\t\t\t\t\t\tdata-dim=\"w:1240px,1024px,778px,480px;h:120px,99px,75px,46px;\"\n\t\t\t\t\t\t\t\tdata-frame_1=\"st:5460;sp:1200;sR:5460;\"\n\t\t\t\t\t\t\t\tdata-frame_999=\"o:0;st:w;sp:400;sR:4340;\"\n\t\t\t\t\t\t\t\tstyle=\"z-index:13;\"\n\t\t\t\t\t\t\t><img src=\"\/\/www.ryadsalama.com\/wp-content\/uploads\/slider6.jpg\" width=\"1240\" height=\"120\" data-no-retina> \n\t\t\t\t\t\t\t<\/rs-layer><!--\n\n\t\t\t\t\t\t\t--><rs-layer\n\t\t\t\t\t\t\t\tid=\"slider-3-slide-4-layer-14\" \n\t\t\t\t\t\t\t\tdata-type=\"image\"\n\t\t\t\t\t\t\t\tdata-rsp_ch=\"on\"\n\t\t\t\t\t\t\t\tdata-text=\"w:normal;s:20,16,12,7;l:0,20,15,9;\"\n\t\t\t\t\t\t\t\tdata-dim=\"w:1240px,1024px,778px,480px;h:120px,99px,75px,46px;\"\n\t\t\t\t\t\t\t\tdata-frame_1=\"st:6580;sp:1200;sR:6580;\"\n\t\t\t\t\t\t\t\tdata-frame_999=\"o:0;st:w;sp:400;sR:3220;\"\n\t\t\t\t\t\t\t\tstyle=\"z-index:14;\"\n\t\t\t\t\t\t\t><img src=\"\/\/www.ryadsalama.com\/wp-content\/uploads\/slider7.jpg\" width=\"1240\" height=\"120\" data-no-retina> \n\t\t\t\t\t\t\t<\/rs-layer><!--\n\n\t\t\t\t\t\t\t--><rs-layer\n\t\t\t\t\t\t\t\tid=\"slider-3-slide-4-layer-15\" \n\t\t\t\t\t\t\t\tdata-type=\"image\"\n\t\t\t\t\t\t\t\tdata-rsp_ch=\"on\"\n\t\t\t\t\t\t\t\tdata-text=\"w:normal;s:20,16,12,7;l:0,20,15,9;\"\n\t\t\t\t\t\t\t\tdata-dim=\"w:1240px,1024px,778px,480px;h:120px,99px,75px,46px;\"\n\t\t\t\t\t\t\t\tdata-frame_1=\"st:7640;sp:1220;sR:7640;\"\n\t\t\t\t\t\t\t\tdata-frame_999=\"o:0;st:w;sp:400;sR:2140;\"\n\t\t\t\t\t\t\t\tstyle=\"z-index:15;\"\n\t\t\t\t\t\t\t><img src=\"\/\/www.ryadsalama.com\/wp-content\/uploads\/slider8.jpg\" width=\"1240\" height=\"120\" data-no-retina> \n\t\t\t\t\t\t\t<\/rs-layer><!--\n\n\t\t\t\t\t\t\t--><rs-layer\n\t\t\t\t\t\t\t\tid=\"slider-3-slide-4-layer-16\" \n\t\t\t\t\t\t\t\tdata-type=\"image\"\n\t\t\t\t\t\t\t\tdata-rsp_ch=\"on\"\n\t\t\t\t\t\t\t\tdata-text=\"w:normal;s:20,16,12,7;l:0,20,15,9;\"\n\t\t\t\t\t\t\t\tdata-dim=\"w:1240px,1024px,778px,480px;h:120px,99px,75px,46px;\"\n\t\t\t\t\t\t\t\tdata-frame_1=\"st:8760;sp:1200;sR:8760;\"\n\t\t\t\t\t\t\t\tdata-frame_999=\"o:0;st:w;sp:400;sR:1040;\"\n\t\t\t\t\t\t\t\tstyle=\"z-index:16;\"\n\t\t\t\t\t\t\t><img src=\"\/\/www.ryadsalama.com\/wp-content\/uploads\/slider9.jpg\" width=\"1240\" height=\"120\" data-no-retina> \n\t\t\t\t\t\t\t<\/rs-layer><!--\n\n\t\t\t\t\t\t\t--><rs-layer\n\t\t\t\t\t\t\t\tid=\"slider-3-slide-4-layer-17\" \n\t\t\t\t\t\t\t\tdata-type=\"image\"\n\t\t\t\t\t\t\t\tdata-rsp_ch=\"on\"\n\t\t\t\t\t\t\t\tdata-text=\"w:normal;s:20,16,12,7;l:0,20,15,9;\"\n\t\t\t\t\t\t\t\tdata-dim=\"w:1240px,1024px,778px,480px;h:120px,99px,75px,46px;\"\n\t\t\t\t\t\t\t\tdata-frame_1=\"st:3280;sp:1200;sR:3280;\"\n\t\t\t\t\t\t\t\tdata-frame_999=\"o:0;st:w;sp:400;sR:6520;\"\n\t\t\t\t\t\t\t\tstyle=\"z-index:11;\"\n\t\t\t\t\t\t\t><img src=\"\/\/www.ryadsalama.com\/wp-content\/uploads\/slider4-1.jpg\" width=\"1240\" height=\"120\" data-no-retina> \n\t\t\t\t\t\t\t<\/rs-layer><!--\n-->\t\t\t\t\t\t<\/rs-slide>\n\t\t\t\t\t<\/rs-slides>\n\t\t\t\t<\/rs-module>\n\t\t\t\t<script type=\"text\/javascript\">\n\t\t\t\t\tsetREVStartSize({c: 'rev_slider_3_1',rl:[1240,1024,778,480],el:[120,768,960,720],gw:[1240,1024,778,480],gh:[120,768,960,720],type:'standard',justify:'',layout:'fullwidth',mh:\"0\"});\n\t\t\t\t\tvar\trevapi3,\n\t\t\t\t\t\ttpj;\n\t\t\t\t\tfunction revinit_revslider31() {\n\t\t\t\t\tjQuery(function() {\n\t\t\t\t\t\ttpj = jQuery;\n\t\t\t\t\t\trevapi3 = tpj(\"#rev_slider_3_1\");\n\t\t\t\t\t\tif(revapi3==undefined || revapi3.revolution == undefined){\n\t\t\t\t\t\t\trevslider_showDoubleJqueryError(\"rev_slider_3_1\");\n\t\t\t\t\t\t}else{\n\t\t\t\t\t\t\trevapi3.revolution({\n\t\t\t\t\t\t\t\tsliderLayout:\"fullwidth\",\n\t\t\t\t\t\t\t\tduration:\"10000ms\",\n\t\t\t\t\t\t\t\tvisibilityLevels:\"1240,1024,778,480\",\n\t\t\t\t\t\t\t\tgridwidth:\"1240,1024,778,480\",\n\t\t\t\t\t\t\t\tgridheight:\"120,768,960,720\",\n\t\t\t\t\t\t\t\tspinner:\"spinner11\",\n\t\t\t\t\t\t\t\tperspective:600,\n\t\t\t\t\t\t\t\tperspectiveType:\"global\",\n\t\t\t\t\t\t\t\teditorheight:\"120,768,960,720\",\n\t\t\t\t\t\t\t\tresponsiveLevels:\"1240,1024,778,480\",\n\t\t\t\t\t\t\t\tshuffle:true,\n\t\t\t\t\t\t\t\tprogressBar:{disableProgressBar:true},\n\t\t\t\t\t\t\t\tnavigation: {\n\t\t\t\t\t\t\t\t\tonHoverStop:false\n\t\t\t\t\t\t\t\t},\n\t\t\t\t\t\t\t\tfallbacks: {\n\t\t\t\t\t\t\t\t\tallowHTML5AutoPlayOnAndroid:true\n\t\t\t\t\t\t\t\t},\n\t\t\t\t\t\t\t});\n\t\t\t\t\t\t}\n\t\t\t\t\t\t\n\t\t\t\t\t});\n\t\t\t\t\t} \/\/ End of RevInitScript\n\t\t\t\tvar once_revslider31 = false;\n\t\t\t\tif (document.readyState === \"loading\") {document.addEventListener('readystatechange',function() { if((document.readyState === \"interactive\" || document.readyState === \"complete\") && !once_revslider31 ) { once_revslider31 = true; revinit_revslider31();}});} else {once_revslider31 = true; revinit_revslider31();}\n\t\t\t\t<\/script>\n\t\t\t<\/rs-module-wrap>\n\t\t\t<!-- END REVOLUTION SLIDER -->\n[vc_row_inner content_placement=\u00a0\u00bbtop\u00a0\u00bb][vc_column_inner width=\u00a0\u00bb3\/4&Prime;][vc_column_text]<\/p>\n<h3 style=\"text-align: left;\">Le Ryad &#8230;<\/h3>\n<p style=\"text-align: left;\">Apr\u00e8s une exp\u00e9rience internationale dans le milieu de l\u2019h\u00f4tellerie de luxe\u00a0: Moyen Orient, USA, Afrique du Sud et Europe, Michel est venu s\u2019installer \u00e0\u00a0<strong>F\u00e8s<\/strong>\u00a0en l\u2019an 2000.<\/p>\n<p style=\"text-align: left;\" align=\"center\">Passionn\u00e9 par la ville, il ach\u00e8te un Ryad qu\u2019il restore pendant cinq ans. Apr\u00e8s beaucoup d\u2019efforts, de patience et d\u2019investissement, Michel ach\u00e8ve finalement le\u00a0<em>\u00ab<strong>\u00a0Ryad Salama\u00a0<\/strong>\u00bb<\/em>.<\/p>\n<p>[\/vc_column_text][vc_column_text]Construit au d\u00e9but du si\u00e8cle dernier par l\u2019initiative de Mohammed Chergui, aristocrate de la belle \u00e9poque,\u00a0<strong>ce Ryad est unique \u00e0 F\u00e8s<\/strong>.[\/vc_column_text][vc_column_text]<\/p>\n<p style=\"text-align: left;\" align=\"center\">Toutes les chambres et suite de cette demeure\u00a0<strong>ont une vue sur le jardin<\/strong>, soit par un\u00a0<strong>acc\u00e8s direct<\/strong>\u00a0ou\u00a0<strong>par des balcons priv\u00e9s<\/strong>.<\/p>\n<p style=\"text-align: left;\" align=\"center\">V\u00e9ritable oasis de paix entre les deux rues principales de la m\u00e9dina de F\u00e8s, le\u00a0<em><strong>Ryad Salama<\/strong><\/em>\u00a0est aussi accessible en voiture par le parking \u00ab\u00a0<strong><em>Ain Azliten<\/em><\/strong>\u00a0\u00bb.<\/p>\n<p>[\/vc_column_text][vc_column_text]Michel, professionnel de\u00a0<em><strong>l\u2019h\u00f4tellerie et du savoir vivre<\/strong><\/em>\u00a0veut offrir le meilleur confort possible \u00e0 ses h\u00f4tes. Il conna\u00eet leurs attentes, il anticipe leurs d\u00e9sirs et fait ainsi du\u00a0<em><strong>Ryad Salama<\/strong><\/em>\u00a0une maison d\u2019h\u00f4tes de charme digne de ce nom o\u00f9 l\u2019accueil et le service d\u00e9passent le confort mat\u00e9riel. Tout en respectant l\u2019artisanat marocain, Michel a tout pens\u00e9 minutieusement afin de faire de ce lieu un\u00a0<strong>refuge exquis, pour les amateurs de tranquillit\u00e9<\/strong>.[\/vc_column_text][vc_column_text]Le\u00a0<em><strong>Ryad Salama<\/strong><\/em>\u00a0de F\u00e8s\u00a0<strong>offre :<\/strong><\/p>\n<ul>\n<li style=\"list-style-type: none;\">\n<ul>\n<li style=\"list-style-type: none;\">\n<ul>\n<li style=\"text-align: left;\">4 chambres\u00a0(luxueusement meubl\u00e9es),<\/li>\n<\/ul>\n<\/li>\n<\/ul>\n<ul>\n<li style=\"list-style-type: none;\">\n<ul>\n<li style=\"text-align: left;\">3 suites<\/li>\n<\/ul>\n<ul>\n<li style=\"text-align: left;\">1 appartement<\/li>\n<\/ul>\n<ul>\n<li style=\"text-align: left;\">Une piscine.<\/li>\n<\/ul>\n<\/li>\n<\/ul>\n<p>Conscient que le respect de l\u2019\u00e9cologie fait dor\u00e9navant parti de notre quotidien, Le\u00a0<em><strong>Ryad Salama\u00a0<\/strong><\/em>s\u2019approvisionne en\u00a0<strong>\u00e9nergie solaire<\/strong>, et utilise un \u00e9clairage aux ampoules led.<\/li>\n<\/ul>\n<p>[\/vc_column_text][\/vc_column_inner][vc_column_inner width=\u00a0\u00bb1\/4&Prime;][vc_column_text]<\/p>\n<h3 style=\"text-align: center;\">D\u00eener offert par personne &#8230;<\/h3>\n<p>[\/vc_column_text][vc_column_text]Pour toute r\u00e9servation directement sur notre site, vous b\u00e9n\u00e9ficierez d&rsquo;un d\u00eener offert par personne pendant votre s\u00e9jour[\/vc_column_text][\/vc_column_inner][\/vc_row_inner][\/vc_column][\/vc_row]<\/p>\n","protected":false},"excerpt":{"rendered":"<p>[vc_row css=\u00a0\u00bb.vc_custom_1603015255560{margin-top: 1px !important;margin-right: 1px !important;margin-bottom: 1px !important;margin-left: 1px !important;padding-top: 1px !important;padding-right: 1px !important;padding-bottom: 1px !important;padding-left: 1px !important;}\u00a0\u00bb][vc_column css=\u00a0\u00bb.vc_custom_1603015175017{margin: 1px !important;padding: 1px !important;border: 0px initial !important;}\u00a0\u00bb][vc_row_inner content_placement=\u00a0\u00bbtop\u00a0\u00bb][vc_column_inner width=\u00a0\u00bb3\/4&Prime;][vc_column_text] Le Ryad &#8230; Apr\u00e8s une exp\u00e9rience internationale dans le milieu de l\u2019h\u00f4tellerie&#8230;<\/p>\n","protected":false},"author":1,"featured_media":0,"parent":0,"menu_order":0,"comment_status":"closed","ping_status":"open","template":"","meta":[],"_links":{"self":[{"href":"http:\/\/www.ryadsalama.com\/index.php?rest_route=\/wp\/v2\/pages\/3"}],"collection":[{"href":"http:\/\/www.ryadsalama.com\/index.php?rest_route=\/wp\/v2\/pages"}],"about":[{"href":"http:\/\/www.ryadsalama.com\/index.php?rest_route=\/wp\/v2\/types\/page"}],"author":[{"embeddable":true,"href":"http:\/\/www.ryadsalama.com\/index.php?rest_route=\/wp\/v2\/users\/1"}],"replies":[{"embeddable":true,"href":"http:\/\/www.ryadsalama.com\/index.php?rest_route=%2Fwp%2Fv2%2Fcomments&post=3"}],"version-history":[{"count":18,"href":"http:\/\/www.ryadsalama.com\/index.php?rest_route=\/wp\/v2\/pages\/3\/revisions"}],"predecessor-version":[{"id":742,"href":"http:\/\/www.ryadsalama.com\/index.php?rest_route=\/wp\/v2\/pages\/3\/revisions\/742"}],"wp:attachment":[{"href":"http:\/\/www.ryadsalama.com\/index.php?rest_route=%2Fwp%2Fv2%2Fmedia&parent=3"}],"curies":[{"name":"wp","href":"https:\/\/api.w.org\/{rel}","templated":true}]}}