{"id":2,"date":"2020-10-12T12:14:15","date_gmt":"2020-10-12T10:14:15","guid":{"rendered":"http:\/\/www.ryadsalama.com\/?page_id=2"},"modified":"2026-03-08T13:21:19","modified_gmt":"2026-03-08T13:21:19","slug":"chambres-suites","status":"publish","type":"page","link":"http:\/\/www.ryadsalama.com\/?page_id=2","title":{"rendered":"Chambres &#038; suites"},"content":{"rendered":"<p>[vc_row full_width=\u00a0\u00bbstretch_row\u00a0\u00bb css=\u00a0\u00bb.vc_custom_1741728970627{margin-top: 0px !important;margin-right: 0px !important;margin-bottom: 0px !important;margin-left: 0px !important;border-top-width: 0px !important;border-right-width: 0px !important;border-bottom-width: 0px !important;border-left-width: 0px !important;padding-top: 0px !important;padding-right: 0px !important;padding-bottom: 0px !important;padding-left: 0px !important;}\u00a0\u00bb][vc_column width=\u00a0\u00bb2\/6&Prime;][vc_column_text]Michel s\u2019est souci\u00e9 de donner un style unique pour chaque chambre et suite, et ce, tout au long du processus de restauration. L\u2019ameublement\u00a0luxueux du Ryad Salama\u00a0allie suavement la richesse de l\u2019artisanat marocain \u00e0 l\u2019antique fran\u00e7ais. La pluralit\u00e9 des couleurs \u00e9gaie ce havre de paix et lui conf\u00e8re une touche de chaleur. Toutes les chambres et suites sont \u00e9quip\u00e9es d\u2019un syst\u00e8me r\u00e9versible,\u00a0chauffage\/air conditionn\u00e9, de salles de bain avec baignoire ou douche, de toilettes individuelles, de s\u00e8che cheveux, et de coffres forts\u00a0et d&rsquo;\u00e9crans plats avec connexion satellite.<\/p>\n<p>Au r\u00e9veil, profitez du jardin verdoyant et tendez l\u2019oreille au chant des oiseaux. A la tomb\u00e9e du soir, laissez vous bercer par le ruissellement de l\u2019eau, en d\u00e9gustant l\u2019ap\u00e9ritif sur votre balcon priv\u00e9.<\/p>\n<p>Toutes nos chambres et suites peuvent recevoir une troisi\u00e8me personne (voir lit suppl\u00e9mentaire).[\/vc_column_text][vc_raw_html]JTNDYSUyMGhyZWYlM0QlMjJodHRwcyUzQSUyRiUyRmFwcC50aGVib29raW5nYnV0dG9uLmNvbSUyRnByb3BlcnRpZXMlMkZyeWFkc2FsYW1hZGlyZWN0JTIyJTIwdGFyZ2V0JTNEJTIyX2JsYW5rJTIyJTIwYWx0JTNEJTIyUmVzZXJ2YXRpb24lMjBlbiUyMGxpZ25lJTIyJTIwJTNFJTNDaW1nJTIwc3JjJTNEJTIyaHR0cCUzQSUyRiUyRnd3dy5yeWFkc2FsYW1hLmNvbSUyRmJvdXRvbi1yZXNlcnZlci5wbmclMjIlMjAlMjB3aWR0aCUzRCUyMjIwMHB4JTIyJTNFJTNDJTJGYSUzRQ==[\/vc_raw_html][\/vc_column][vc_column width=\u00a0\u00bb3\/6&Prime;][vc_column_text css=\u00a0\u00bb.vc_custom_1741808259294{margin-top: 0px !important;margin-right: 0px !important;margin-bottom: 0px !important;margin-left: 0px !important;padding-top: 0px !important;padding-right: 0px !important;padding-bottom: 0px !important;padding-left: 0px !important;}\u00a0\u00bb]<\/p>\n<h1 style=\"text-align: left;\"><strong>Chambres<\/strong><\/h1>\n<p>[\/vc_column_text]<div class=\"woocommerce columns-4 \"><div class=\"woo-content row  \">\r\n<div class=\"col-md-3 load-element shop-classic product type-product post-203 status-publish first instock product_cat-chambres has-post-thumbnail shipping-taxable product-type-simple\">\r\n\t<div class=\"woo-product-item\"><div class=\"product-img amz-product-thumbnail\"><a href=\"http:\/\/www.ryadsalama.com\/?product=amandine\"><img alt=\"\" src=\"http:\/\/www.ryadsalama.com\/wp-content\/uploads\/amandine1.png\"><img alt=\"\" class=\"amz-image-swap\" src=\"http:\/\/www.ryadsalama.com\/wp-content\/uploads\/amandine3.png\"><\/a><div class=\"product-hover product-icons\"><a href=\"http:\/\/www.ryadsalama.com\/?product=amandine\" data-quantity=\"1\" class=\"button product_type_simple\" data-product_id=\"203\" data-product_sku=\"\" aria-label=\"En savoir plus sur &ldquo;Amandine&rdquo;\" rel=\"nofollow\">Lire la suite<\/a><\/div><\/div><div class=\"product-content clearfix\"><h4 class=\"title\"><a href=\"http:\/\/www.ryadsalama.com\/?product=amandine\">Amandine<\/a><\/h4>\n\t\t\t\r\n\t\t\t\r\n\r\n\t\t<\/div>\r\n\r\n\t<\/div>\r\n<\/div>\r\n<div class=\"col-md-3 load-element shop-classic product type-product post-197 status-publish instock product_cat-chambres has-post-thumbnail shipping-taxable product-type-simple\">\r\n\t<div class=\"woo-product-item\"><div class=\"product-img amz-product-thumbnail\"><a href=\"http:\/\/www.ryadsalama.com\/?product=capucine\"><img alt=\"\" src=\"http:\/\/www.ryadsalama.com\/wp-content\/uploads\/capucine1.png\"><img alt=\"\" class=\"amz-image-swap\" src=\"http:\/\/www.ryadsalama.com\/wp-content\/uploads\/capucine2.png\"><\/a><div class=\"product-hover product-icons\"><a href=\"http:\/\/www.ryadsalama.com\/?product=capucine\" data-quantity=\"1\" class=\"button product_type_simple\" data-product_id=\"197\" data-product_sku=\"\" aria-label=\"En savoir plus sur &ldquo;Capucine&rdquo;\" rel=\"nofollow\">Lire la suite<\/a><\/div><\/div><div class=\"product-content clearfix\"><h4 class=\"title\"><a href=\"http:\/\/www.ryadsalama.com\/?product=capucine\">Capucine<\/a><\/h4>\n\t\t\t\r\n\t\t\t\r\n\r\n\t\t<\/div>\r\n\r\n\t<\/div>\r\n<\/div>\r\n<div class=\"col-md-3 load-element shop-classic product type-product post-190 status-publish instock product_cat-chambres has-post-thumbnail shipping-taxable product-type-simple\">\r\n\t<div class=\"woo-product-item\"><div class=\"product-img amz-product-thumbnail\"><a href=\"http:\/\/www.ryadsalama.com\/?product=chocolatine\"><img alt=\"\" src=\"http:\/\/www.ryadsalama.com\/wp-content\/uploads\/chocolatine1.png\"><img alt=\"\" class=\"amz-image-swap\" src=\"http:\/\/www.ryadsalama.com\/wp-content\/uploads\/chocolatine2.png\"><\/a><div class=\"product-hover product-icons\"><a href=\"http:\/\/www.ryadsalama.com\/?product=chocolatine\" data-quantity=\"1\" class=\"button product_type_simple\" data-product_id=\"190\" data-product_sku=\"\" aria-label=\"En savoir plus sur &ldquo;Chocolatine&rdquo;\" rel=\"nofollow\">Lire la suite<\/a><\/div><\/div><div class=\"product-content clearfix\"><h4 class=\"title\"><a href=\"http:\/\/www.ryadsalama.com\/?product=chocolatine\">Chocolatine<\/a><\/h4>\n\t\t\t\r\n\t\t\t\r\n\r\n\t\t<\/div>\r\n\r\n\t<\/div>\r\n<\/div>\r\n<div class=\"col-md-3 load-element shop-classic product type-product post-185 status-publish last instock product_cat-chambres has-post-thumbnail shipping-taxable product-type-simple\">\r\n\t<div class=\"woo-product-item\"><div class=\"product-img amz-product-thumbnail\"><a href=\"http:\/\/www.ryadsalama.com\/?product=clementine\"><img alt=\"\" src=\"http:\/\/www.ryadsalama.com\/wp-content\/uploads\/clementine1.png\"><img alt=\"\" class=\"amz-image-swap\" src=\"http:\/\/www.ryadsalama.com\/wp-content\/uploads\/clementine3.png\"><\/a><div class=\"product-hover product-icons\"><a href=\"http:\/\/www.ryadsalama.com\/?product=clementine\" data-quantity=\"1\" class=\"button product_type_simple\" data-product_id=\"185\" data-product_sku=\"\" aria-label=\"En savoir plus sur &ldquo;Clementine&rdquo;\" rel=\"nofollow\">Lire la suite<\/a><\/div><\/div><div class=\"product-content clearfix\"><h4 class=\"title\"><a href=\"http:\/\/www.ryadsalama.com\/?product=clementine\">Clementine<\/a><\/h4>\n\t\t\t\r\n\t\t\t\r\n\r\n\t\t<\/div>\r\n\r\n\t<\/div>\r\n<\/div>\r\n<\/div>\r\n<\/div>[vc_separator border_width=\u00a0\u00bb5&Prime;][vc_column_text css=\u00a0\u00bb.vc_custom_1741808271249{margin-top: 0px !important;margin-right: 0px !important;margin-bottom: 0px !important;margin-left: 0px !important;padding-top: 0px !important;padding-right: 0px !important;padding-bottom: 0px !important;padding-left: 0px !important;}\u00a0\u00bb]<\/p>\n<h1 style=\"text-align: left;\"><strong>Suites<\/strong><\/h1>\n<p>[\/vc_column_text]<div class=\"woocommerce columns-4 \"><div class=\"woo-content row  \">\r\n<div class=\"col-md-3 load-element shop-classic product type-product post-208 status-publish first instock product_cat-suites has-post-thumbnail shipping-taxable product-type-simple\">\r\n\t<div class=\"woo-product-item\"><div class=\"product-img amz-product-thumbnail\"><a href=\"http:\/\/www.ryadsalama.com\/?product=aubergine\"><img alt=\"\" src=\"http:\/\/www.ryadsalama.com\/wp-content\/uploads\/aubergine5.png\"><img alt=\"\" class=\"amz-image-swap\" src=\"http:\/\/www.ryadsalama.com\/wp-content\/uploads\/aubergine1.png\"><\/a><div class=\"product-hover product-icons\"><a href=\"http:\/\/www.ryadsalama.com\/?product=aubergine\" data-quantity=\"1\" class=\"button product_type_simple\" data-product_id=\"208\" data-product_sku=\"\" aria-label=\"En savoir plus sur &ldquo;Aubergine&rdquo;\" rel=\"nofollow\">Lire la suite<\/a><\/div><\/div><div class=\"product-content clearfix\"><h4 class=\"title\"><a href=\"http:\/\/www.ryadsalama.com\/?product=aubergine\">Aubergine<\/a><\/h4>\n\t\t\t\r\n\t\t\t\r\n\r\n\t\t<\/div>\r\n\r\n\t<\/div>\r\n<\/div>\r\n<div class=\"col-md-3 load-element shop-classic product type-product post-156 status-publish instock product_cat-suites has-post-thumbnail shipping-taxable product-type-simple\">\r\n\t<div class=\"woo-product-item\"><div class=\"product-img amz-product-thumbnail\"><a href=\"http:\/\/www.ryadsalama.com\/?product=eglantine\"><img alt=\"\" src=\"http:\/\/www.ryadsalama.com\/wp-content\/uploads\/eglantine2.png\"><img alt=\"\" class=\"amz-image-swap\" src=\"http:\/\/www.ryadsalama.com\/wp-content\/uploads\/eglantine1.png\"><\/a><div class=\"product-hover product-icons\"><a href=\"http:\/\/www.ryadsalama.com\/?product=eglantine\" data-quantity=\"1\" class=\"button product_type_simple\" data-product_id=\"156\" data-product_sku=\"\" aria-label=\"En savoir plus sur &ldquo;Eglantine&rdquo;\" rel=\"nofollow\">Lire la suite<\/a><\/div><\/div><div class=\"product-content clearfix\"><h4 class=\"title\"><a href=\"http:\/\/www.ryadsalama.com\/?product=eglantine\">Eglantine<\/a><\/h4>\n\t\t\t\r\n\t\t\t\r\n\r\n\t\t<\/div>\r\n\r\n\t<\/div>\r\n<\/div>\r\n<div class=\"col-md-3 load-element shop-classic product type-product post-213 status-publish instock product_cat-suites has-post-thumbnail shipping-taxable product-type-simple\">\r\n\t<div class=\"woo-product-item\"><div class=\"product-img amz-product-thumbnail\"><a href=\"http:\/\/www.ryadsalama.com\/?product=grenadine\"><img alt=\"\" src=\"http:\/\/www.ryadsalama.com\/wp-content\/uploads\/grenadine3.png\"><img alt=\"\" class=\"amz-image-swap\" src=\"http:\/\/www.ryadsalama.com\/wp-content\/uploads\/grenadine1.png\"><\/a><div class=\"product-hover product-icons\"><a href=\"http:\/\/www.ryadsalama.com\/?product=grenadine\" data-quantity=\"1\" class=\"button product_type_simple\" data-product_id=\"213\" data-product_sku=\"\" aria-label=\"En savoir plus sur &ldquo;Grenadine&rdquo;\" rel=\"nofollow\">Lire la suite<\/a><\/div><\/div><div class=\"product-content clearfix\"><h4 class=\"title\"><a href=\"http:\/\/www.ryadsalama.com\/?product=grenadine\">Grenadine<\/a><\/h4>\n\t\t\t\r\n\t\t\t\r\n\r\n\t\t<\/div>\r\n\r\n\t<\/div>\r\n<\/div>\r\n<\/div>\r\n<\/div>[vc_separator border_width=\u00a0\u00bb5&Prime;][\/vc_column][vc_column width=\u00a0\u00bb1\/6&Prime;][vc_column_text]<span style=\"text-decoration: underline; color: #993333;\">Printemps \/ Automne :<\/span><br \/>\nDu 01\/11 au 15\/11<br \/>\nDu 01\/03 au 30\/06<br \/>\nDu 01\/09 au 31\/10<\/p>\n<p><span style=\"text-decoration: underline; color: #993333; list-style-type: square;\">Et\u00e9 :<\/span><br \/>\nDu 01\/07\u00a0 au 31\/08<\/p>\n<p><span style=\"text-decoration: underline; color: #993333; list-style-type: square;\">Hiver :<\/span><br \/>\nDu 16\/11 au 20\/12<br \/>\nDu 08\/01 au 29\/02<\/p>\n<p><span style=\"text-decoration: underline; color: #993333; list-style-type: square;\">Fin d&rsquo;ann\u00e9e :<\/span><br \/>\nDu 21\/12 au 07\/01<\/p>\n<p><span style=\"text-decoration: underline; color: #993333; list-style-type: square;\">P\u00e2ques :<\/span><br \/>\nDu 03\/04 au 12\/04<\/p>\n<hr \/>\n<p>[\/vc_column_text][\/vc_column][\/vc_row]<\/p>\n","protected":false},"excerpt":{"rendered":"<p>[vc_row full_width=\u00a0\u00bbstretch_row\u00a0\u00bb css=\u00a0\u00bb.vc_custom_1741728970627{margin-top: 0px !important;margin-right: 0px !important;margin-bottom: 0px !important;margin-left: 0px !important;border-top-width: 0px !important;border-right-width: 0px !important;border-bottom-width: 0px !important;border-left-width: 0px !important;padding-top: 0px !important;padding-right: 0px !important;padding-bottom: 0px !important;padding-left: 0px !important;}\u00a0\u00bb][vc_column width=\u00a0\u00bb2\/6&Prime;][vc_column_text]Michel s\u2019est souci\u00e9 de donner un style unique pour chaque chambre et suite,&#8230;<\/p>\n","protected":false},"author":1,"featured_media":0,"parent":0,"menu_order":0,"comment_status":"closed","ping_status":"open","template":"","meta":[],"_links":{"self":[{"href":"http:\/\/www.ryadsalama.com\/index.php?rest_route=\/wp\/v2\/pages\/2"}],"collection":[{"href":"http:\/\/www.ryadsalama.com\/index.php?rest_route=\/wp\/v2\/pages"}],"about":[{"href":"http:\/\/www.ryadsalama.com\/index.php?rest_route=\/wp\/v2\/types\/page"}],"author":[{"embeddable":true,"href":"http:\/\/www.ryadsalama.com\/index.php?rest_route=\/wp\/v2\/users\/1"}],"replies":[{"embeddable":true,"href":"http:\/\/www.ryadsalama.com\/index.php?rest_route=%2Fwp%2Fv2%2Fcomments&post=2"}],"version-history":[{"count":27,"href":"http:\/\/www.ryadsalama.com\/index.php?rest_route=\/wp\/v2\/pages\/2\/revisions"}],"predecessor-version":[{"id":753,"href":"http:\/\/www.ryadsalama.com\/index.php?rest_route=\/wp\/v2\/pages\/2\/revisions\/753"}],"wp:attachment":[{"href":"http:\/\/www.ryadsalama.com\/index.php?rest_route=%2Fwp%2Fv2%2Fmedia&parent=2"}],"curies":[{"name":"wp","href":"https:\/\/api.w.org\/{rel}","templated":true}]}}