{"id":19,"date":"2017-07-22T09:42:23","date_gmt":"2017-07-22T09:42:23","guid":{"rendered":"http:\/\/ryadsalama.com\/?page_id=19"},"modified":"2020-10-22T23:48:05","modified_gmt":"2020-10-22T21:48:05","slug":"bien-etre","status":"publish","type":"page","link":"http:\/\/www.ryadsalama.com\/?page_id=19","title":{"rendered":"Bien-\u00eatre"},"content":{"rendered":"<p>[vc_row][vc_column][vc_row_inner][vc_column_inner width=\u00a0\u00bb1\/3&Prime;][vc_images_carousel images=\u00a0\u00bb247,248&Prime; img_size=\u00a0\u00bbmedium\u00a0\u00bb onclick=\u00a0\u00bblink_no\u00a0\u00bb speed=\u00a0\u00bb3000&Prime; autoplay=\u00a0\u00bbyes\u00a0\u00bb hide_pagination_control=\u00a0\u00bbyes\u00a0\u00bb hide_prev_next_buttons=\u00a0\u00bbyes\u00a0\u00bb wrap=\u00a0\u00bbyes\u00a0\u00bb][\/vc_column_inner][vc_column_inner width=\u00a0\u00bb1\/3&Prime;][vc_column_text]<\/p>\n<h3><strong>Hammam traditionnel et massage au Ryad Salama<\/strong><\/h3>\n<ul>\n<li><strong>Hammam avec gommage au savon noir traditionnel<\/strong><\/li>\n<\/ul>\n<p>Pour 2 personnes minimum<br \/>\n45 minutes : 500 Dhs pour 2 personnes<\/p>\n<ul>\n<li><strong>Massage relaxant aux huiles essentielles<\/strong><\/li>\n<\/ul>\n<p>45 minutes : 350 Dhs par personne<\/p>\n<p>R\u00e9servation aupr\u00e8s du personnel du Ryad.[\/vc_column_text][\/vc_column_inner][vc_column_inner width=\u00a0\u00bb1\/3&Prime;][vc_single_image image=\u00a0\u00bb244&Prime; img_size=\u00a0\u00bb200&#215;150&Prime;][vc_single_image image=\u00a0\u00bb578&Prime; img_size=\u00a0\u00bb200&#215;150&Prime;][\/vc_column_inner][\/vc_row_inner][vc_separator][vc_row_inner][vc_column_inner width=\u00a0\u00bb1\/4&Prime;][vc_single_image image=\u00a0\u00bb249&Prime; img_size=\u00a0\u00bbmedium\u00a0\u00bb][\/vc_column_inner][vc_column_inner width=\u00a0\u00bb3\/4&Prime;][vc_column_text]<strong>Vichy Thermalia Spa Hotel Moulay Yacoub<\/strong><\/p>\n<p>A 15 km de F\u00e8s, ce centre est une station thermale, avec une source d&rsquo;eau chaude (58\u00b0) naturellement sulfureuse.<\/p>\n<p>Plusieurs formules de soins, de bien-\u00eatre et de beaut\u00e9 sont propos\u00e9s:<br \/>\n&#8211; Bain d&rsquo;eau soufr\u00e9e<br \/>\n&#8211; Douches, massages, soins corporels.<\/p>\n<p>Ryad Salama recommande de r\u00e9server ,directement \u00e0 la station, un forfait entre piscine et \u00a0massages. Nous organisons le \u00a0transfert aller-retour en taxi. Pour plus d&rsquo;informations, n&rsquo;h\u00e9sitez pas \u00e0 nous contacter.[\/vc_column_text][\/vc_column_inner][\/vc_row_inner][vc_row_inner][vc_column_inner width=\u00a0\u00bb2\/3&Prime;][vc_column_text]<strong>Golf Royal de F\u00e8s<\/strong><\/p>\n<p>A 20 km du centre ville, le Golf Royal de F\u00e8s est situ\u00e9 au c\u0153ur d&rsquo;une oliveraie aux pieds des premiers contreforts de l&rsquo;Atlas. Situ\u00e9 \u00e0 700 m\u00e8tres d&rsquo;altitude, admirablement dessin\u00e9 par le c\u00e9l\u00e8bre architecte Cabell Robinson, ce terrain de 18 trous sur 70 hectares rendra les amoureux du Golf tr\u00e8s heureux.[\/vc_column_text][\/vc_column_inner][vc_column_inner width=\u00a0\u00bb1\/3&Prime;][vc_single_image image=\u00a0\u00bb250&Prime; img_size=\u00a0\u00bbfull\u00a0\u00bb][\/vc_column_inner][\/vc_row_inner][vc_row_inner][vc_column_inner][vc_column_text]<strong>Excursions <\/strong><\/p>\n<p><strong>\u00a0<\/strong>Nous proposons quelques excursions \u00a0au d\u00e9part du ryad , en \u00a0taxi priv\u00e9 avec chauffeur\u00a0:<\/p>\n<p>Jusqu&rsquo;au village d&rsquo;Ifrane et ses for\u00eats de c\u00e8dres. D\u00e9couvrez les lacs et les singes sauvages, ou les villages alentour \u00a0de Sefrou ou Bhalil.<\/p>\n<p>Ou alors optez pour une excursion \u00e0 Mekn\u00e8s et d\u00e9couvrez les ruines romaines de Volubilis, le village de Moulay Idriss et autres merveilles&#8230;.[\/vc_column_text][\/vc_column_inner][\/vc_row_inner][\/vc_column][\/vc_row]<\/p>\n","protected":false},"excerpt":{"rendered":"<p>[vc_row][vc_column][vc_row_inner][vc_column_inner width=\u00a0\u00bb1\/3&Prime;][vc_images_carousel images=\u00a0\u00bb247,248&Prime; img_size=\u00a0\u00bbmedium\u00a0\u00bb onclick=\u00a0\u00bblink_no\u00a0\u00bb speed=\u00a0\u00bb3000&Prime; autoplay=\u00a0\u00bbyes\u00a0\u00bb hide_pagination_control=\u00a0\u00bbyes\u00a0\u00bb hide_prev_next_buttons=\u00a0\u00bbyes\u00a0\u00bb wrap=\u00a0\u00bbyes\u00a0\u00bb][\/vc_column_inner][vc_column_inner width=\u00a0\u00bb1\/3&Prime;][vc_column_text] Hammam traditionnel et massage au Ryad Salama Hammam avec gommage au savon noir traditionnel Pour 2 personnes minimum 45 minutes : 500 Dhs pour 2 personnes Massage relaxant aux&#8230;<\/p>\n","protected":false},"author":1,"featured_media":0,"parent":0,"menu_order":0,"comment_status":"closed","ping_status":"closed","template":"","meta":[],"_links":{"self":[{"href":"http:\/\/www.ryadsalama.com\/index.php?rest_route=\/wp\/v2\/pages\/19"}],"collection":[{"href":"http:\/\/www.ryadsalama.com\/index.php?rest_route=\/wp\/v2\/pages"}],"about":[{"href":"http:\/\/www.ryadsalama.com\/index.php?rest_route=\/wp\/v2\/types\/page"}],"author":[{"embeddable":true,"href":"http:\/\/www.ryadsalama.com\/index.php?rest_route=\/wp\/v2\/users\/1"}],"replies":[{"embeddable":true,"href":"http:\/\/www.ryadsalama.com\/index.php?rest_route=%2Fwp%2Fv2%2Fcomments&post=19"}],"version-history":[{"count":2,"href":"http:\/\/www.ryadsalama.com\/index.php?rest_route=\/wp\/v2\/pages\/19\/revisions"}],"predecessor-version":[{"id":582,"href":"http:\/\/www.ryadsalama.com\/index.php?rest_route=\/wp\/v2\/pages\/19\/revisions\/582"}],"wp:attachment":[{"href":"http:\/\/www.ryadsalama.com\/index.php?rest_route=%2Fwp%2Fv2%2Fmedia&parent=19"}],"curies":[{"name":"wp","href":"https:\/\/api.w.org\/{rel}","templated":true}]}}